. Let j(s) = -137*s + 33. Is j(p) a prime number?
False
Suppose 3*o = 3*p + 3, 2*o - 3 = 4*p + 1. Suppose -37*q = -41*q + 10612. Suppose 6*w + w - q = o. Is w composite?
False
Suppose 342557 = 32*z + 2*z - 693525. Is z a composite number?
True
Suppose 3*z - 3*k - 21 = 0, 3*z = 2*z - 2*k + 1. Let n(w) = 152*w - 91. Is n(z) a composite number?
True
Is (1338/(-78) - -17) + (-489818)/(-26) a composite number?
False
Suppose -v + 2*y = -12920, -3*v - 4*y = -0*y - 38810. Suppose 0*x = -6*x + v. Is x a composite number?
True
Let s = 58361 + -27958. Is s a composite number?
False
Suppose -4*a + 47*k + 213382 = 42*k, k - 160065 = -3*a. Is a composite?
False
Let t(b) be the second derivative of -71*b**3 + 23*b**2/2 - 19*b. Is t(-6) composite?
False
Let m(i) = -1212*i - 79. Suppose 3*j + 3*o + 24 = 0, -j = -5*j + 4*o - 8. Is m(j) composite?
False
Let w(m) = -152*m - 25. Let a(u) be the second derivative of u**3/3 - 2*u**2 - 7*u. Let z be a(-4). Is w(z) composite?
True
Let f = 38244 + 442939. Is f prime?
False
Suppose 0 = 3*g - 2*g, 0 = -h - 3*g + 5901. Let z = h + 7880. Is z a prime number?
True
Suppose -2024929 = -42*a + 1161905. Is a a prime number?
False
Suppose 0 = 3*t - 2*u - 79, 0 = 4*t + 2*u + u - 111. Let k = t + 224. Is k a composite number?
False
Let z = -24 - -21. Let v(i) = 33*i**2 - 6*i - 17. Let m(c) = -65*c**2 + 11*c + 33. Let a(s) = z*m(s) - 5*v(s). Is a(-7) composite?
True
Let d = -379 + -41. Let r = 1087 - 454. Let j = d + r. Is j prime?
False
Let x = -75 - -1087. Suppose -s + 4*u = 9 - x, -u + 2970 = 3*s. Is s a prime number?
True
Suppose 16*m - 12*m + n = 322185, 5*m = -4*n + 402723. Is 12/(-54) + m/27 prime?
False
Suppose 61*v - 2746464 = 2115495 - 1688678. Is v prime?
True
Is 2/5 + -4 + (-4655388)/(-30) + 1 a prime number?
False
Let d = 1100 + 1003. Let s(f) = -f**3 + 20*f**2 + 3*f - 53. Let k be s(20). Suppose -3*m = -g - k*m + 681, -3*g + d = -3*m. Is g prime?
False
Is 1/((-2)/(-774537)*(-162)/(-108)) a prime number?
False
Let g(m) = 5*m**2 + 33*m - 9. Let r be g(-7). Suppose 4*u + i - 8255 = 7560, 3*u - 11844 = r*i. Is u composite?
True
Suppose -5*q + 4*h = -407715, -q - 6*h = -18307 - 63202. Is q a composite number?
True
Let i = -1459 + -3463. Let g = i + 9099. Is g composite?
False
Let n be -3 + 1 + (14 - 8). Suppose -3*l = 3*d - 9012 + 723, -2*l - n*d = -5534. Is l a composite number?
True
Let r(a) = -3*a + 35. Suppose g = 6*w - 3*w + 23, -4*g - 2*w = -36. Let o be r(g). Is -2*583/(-4)*o composite?
True
Let y(r) = -5*r + 511*r**2 - 7 + 1 + 6 + 3. Is y(1) prime?
True
Suppose 2*s - 2*l - 115188 = 0, -6*l + 2*l + 230336 = 4*s. Suppose 76258 = 7*w - s. Is w composite?
False
Let y(k) = 16*k - 59. Suppose -13*t - 252 = -31. Let b be y(t). Let u = b + 542. Is u prime?
True
Let t = 188 + -212. Is 1/((-8)/t) + 2*559 composite?
True
Let c(u) = u**2 - 28*u + 1404473. Is c(0) composite?
True
Let z = 2574 + -1393. Let j = 5926 - 5922. Suppose j*h - 3*l = -0*l + z, -6 = 2*l. Is h prime?
True
Suppose 0 = 43*j - 18293063 + 2522082. Is j a composite number?
True
Let c be (5 - 21/6)*68/6. Suppose 10 = 3*u - c. Is -1414*(u/(-12))/((-3)/(-2)) composite?
True
Is (50 + -40)*(-287557)/(-5) prime?
False
Let d(u) be the third derivative of 2*u**4/3 - 5*u**3/6 - 2*u**2 - 744. Let a(r) = r**3 - 6*r**2 + 2*r - 8. Let w be a(6). Is d(w) a prime number?
True
Let p = -51 - -46. Let k be (0 - (-2 - -3)) + 2. Is (-2)/k + 558 - (p + 8) a prime number?
False
Let g = -2 - 1. Let f be 3*(0/(-5) - g). Is 21/(-14)*(-4764)/f a prime number?
False
Suppose 0 = 10*q - 25*q + 90. Let s(f) = 11*f**2 + 0*f**2 + 3593 - 3*f**2 + q*f - 7*f**2. Is s(0) prime?
True
Let u be 84/(-7)*-1*-1. Is (19063 + -9)*(-6)/u a composite number?
True
Is 75/175 - 304050/(-140)*(-40)/(-6) a composite number?
False
Suppose 0 = -4*v - 4*k + 16168, 9*v - 5*k + 8084 = 11*v. Suppose 1139 = 11*n - v. Is n a composite number?
True
Suppose 197*z - 209*z + 139980 = 0. Is z a prime number?
False
Let p(b) = 48*b**2 - 77*b + 1681. Is p(60) composite?
True
Suppose -n = -f - 92622, 18*f - 19*f - 185245 = -2*n. Is n prime?
True
Let j = -714 - -1011. Suppose -381 = 26*b - 433. Suppose -4*s = 3*f - b*f - j, 4*s - 4 = 0. Is f composite?
False
Let o(b) = 52*b**3 - 2*b**2 + 24*b - 53. Let u be 8 - 25*6/30. Is o(u) composite?
True
Suppose 0 = 3*w - w - 22. Let c = 16 - w. Suppose -5*q = 4*v - 240 - 322, -4*v + c*q = -582. Is v prime?
False
Let z(d) = -4*d**2 - 4*d - 36. Let h be z(16). Let r = h - -2757. Is r a prime number?
False
Let d be 20380/7 - (-52)/91. Let o = 6360 + -3691. Let x = d + o. Is x a composite number?
False
Suppose -8956752 = -275*f + 5936399 + 11168874. Is f a prime number?
True
Suppose 10 = u + 4*u. Suppose 5*g - 4*v = -69, 5*v - 14 = -u*g + 4*g. Is (4 - g*5) + -4 a composite number?
True
Suppose 25*g - 121387 = 6888. Is g a composite number?
True
Suppose 12 = -31*v + 34*v. Suppose -f = -3, v*l + 3*f - 2060 = 3*l. Is l composite?
True
Suppose 4*h - 2*s - 1219891 + 331033 = 0, -4*h - 3*s + 888843 = 0. Is h a composite number?
True
Suppose i + 5*i = 7*i. Let y(t) = -t + 7. Let l be y(i). Suppose -l*b + 303 = -2826. Is b composite?
True
Let r = -289 - -49. Let n = r - -307. Is n composite?
False
Let x(i) = -i**3 + 2*i**2 - i. Let s(t) = 4*t**3 - t**2 + 12*t - 21. Let q(p) = -s(p) - 6*x(p). Is q(8) prime?
True
Let m(b) = 85084*b + 3873. Is m(10) prime?
True
Let j(h) = 4*h**2 - 79*h - 1149. Let i be j(-17). Suppose -4*m = -0*p + p - 9, 2*p = 3*m - 4. Suppose -2*q = m*f - i, 3*f - 5*q - 1797 = 212. Is f prime?
True
Let w be -6 + 3/(-2 - 1). Let p be ((-222408)/14)/(-3) + 9/(-21). Is (p/84 - (-2)/w)*4 a composite number?
False
Suppose 33*d - 4052070 - 238623 = 0. Is d composite?
False
Suppose -5*d + 2*i - 17 - 27 = 0, -18 = 3*d - 4*i. Let l = d - -11. Is (-6 - -5)/(l/(-907)) a prime number?
True
Let f be (-72)/(-48)*(0 - (-8)/(-6)). Is (-1)/f - 8283/(-6) composite?
False
Let s = -5434 + 2417. Let i = -1660 - s. Is i a composite number?
True
Suppose -117*b = -123*b - 48. Is -4 + 60/15*(-1354)/b composite?
False
Let i(v) be the first derivative of 3221*v**2/2 - 38*v + 41. Is i(11) a composite number?
False
Suppose -17*v = -5*v. Suppose -2*w = -3*p - 4042, v = 3*w - p - p - 6073. Is w a composite number?
False
Is ((-5258224)/160)/((-366)/60 + 6) a composite number?
False
Suppose -14*v - 1909823 = 36*v - 85705773. Is v a prime number?
False
Suppose -227094 = 73*r - 80*r. Suppose r = 3*d - 17625. Is d a prime number?
False
Let u(b) = b**2 - 7*b + 6. Let y = -22 + 29. Let h be u(y). Suppose -h*i + 3965 = -i. Is i a prime number?
False
Let a(t) = -17*t - 16. Let q be a(-3). Let p(i) = -i - 7*i - q - 19*i. Is p(-6) prime?
True
Suppose -60 = -4*t - 12. Suppose b = -t*b - 156. Let a = 310 + b. Is a a composite number?
True
Let p be 2753 + -4 + 4 + 2. Suppose 14710 = 5*d - p. Is d a composite number?
True
Let b = 196842 - 108659. Is b prime?
False
Suppose 19*u - 57*u + 190 = 0. Suppose -1214 = -2*r - 4*b, -r - u*b = -b - 615. Is r prime?
True
Let x be (-12)/(-7) + (-15)/(630/(-12)). Suppose -5*i = 3*a + 4 - 30, 3*a = i + x. Is (a - 3) + -4 + 82 a composite number?
True
Suppose 1246*w = 1193*w + 2503031. Is w composite?
True
Let b(r) = 86*r - 2. Let c(u) = -174*u + 5. Let f(j) = -7*b(j) - 3*c(j). Is f(-9) prime?
True
Suppose 0 = -2641*h + 2634*h + 343483. Is h composite?
False
Let u(j) = -7*j**3 - 32*j**2 + 59*j + 615. Is u(-26) composite?
True
Let d = -6519 + 2827. Let k = 7183 + d. Is k prime?
True
Let u(x) = 379*x + 28. Let b(y) = -y**3 - 6*y**2 + 9*y + 17. Let q be -11 + 0 - (-5)/((-15)/(-12)). Let g be b(q). Is u(g) a composite number?
True
Suppose 0 = a + s - 250108, -a = 4*s - 55578 - 194527. Is a prime?
True
Let l = -83814 + 161935. Is l a prime number?
True
Let y(b) = -b**2 + 13*b - 31. Let i be y(3). Is i/1*961647/(-57) composite?
False
Suppose 0 = 5*v - 2*v - 9. Let r be (1*3)/(12/8). Suppose r*o - l - 503 = 0, -3*l - 757 = -v*o - l. Is o composite?
True
Is (-103471)/2*(594 + -596) a prime number?
True
Suppose -290*m + 285*m + 837605 = 0. Is m composite?
False
Suppose 3*z + 3*q = 1014, 0 = -3*z - q + 5*q + 1042. Suppose -2*u - z = 4*g, -4*u + 0*u + 3*g = 651. Let i = u + 350. Is i a composite number?
True
Suppose -14*q = -247 + 149. Suppose -q*b + 13917 - 400 = 0. Is b a composite number?
False
Su